 composite?
True
Is 59127653363 prime?
False
Is 5554837097 a composite number?
False
Is 295884893 composite?
True
Is 2788634789 prime?
False
Is 32933632813 a prime number?
True
Is 1184493017 prime?
True
Is 124221287357 a prime number?
True
Is 18605844727 composite?
True
Is 1805448721 composite?
False
Is 92304601919 composite?
False
Is 3883818545 composite?
True
Is 44516149303 composite?
False
Is 32917462451 a composite number?
True
Is 818625167 a prime number?
True
Is 83881152391 a prime number?
True
Is 8471137 prime?
True
Is 541638371273 composite?
False
Is 25112687969 composite?
False
Is 976597757 composite?
False
Is 18862276751 prime?
True
Is 112830326641 a composite number?
False
Is 10883043301 prime?
False
Is 2978668457 a composite number?
False
Is 1254453539 prime?
True
Is 140369963 prime?
True
Is 211038967 a prime number?
True
Is 712344673 a prime number?
False
Is 9254821 a prime number?
True
Is 359978933 prime?
True
Is 22894931 a prime number?
True
Is 34473828533 a composite number?
False
Is 10052090801 composite?
False
Is 41022281 prime?
True
Is 77794760783 a composite number?
True
Is 22333045601 prime?
False
Is 937966699 a prime number?
False
Is 25841399 composite?
True
Is 2016488393 a composite number?
True
Is 10257195965 a composite number?
True
Is 1937054879 composite?
False
Is 12930279493 composite?
True
Is 12554231531 prime?
False
Is 1437490931 composite?
True
Is 68591053 a prime number?
True
Is 41527589 a composite number?
False
Is 2293092509 composite?
True
Is 85241083597 prime?
True
Is 26550248581 composite?
True
Is 416992721 a composite number?
False
Is 1533983057 a composite number?
True
Is 10267287949 a composite number?
True
Is 43091521 a prime number?
False
Is 39544518919 composite?
True
Is 38162314079 a prime number?
True
Is 1910449067 prime?
False
Is 206895529 a composite number?
False
Is 79707388889 composite?
True
Is 1894254367 a composite number?
True
Is 2395330381 a prime number?
False
Is 1804630307 prime?
True
Is 28033442141 prime?
False
Is 627167323 composite?
False
Is 104037299087 composite?
False
Is 11525974697 a prime number?
True
Is 19332996971 a prime number?
False
Is 5700077483 prime?
False
Is 45891377335 prime?
False
Is 2182743013 a composite number?
True
Is 136466717 prime?
True
Is 2778689099 a composite number?
True
Is 1229135021 prime?
False
Is 28928415293 a prime number?
False
Is 2576372779 composite?
False
Is 843087529 a prime number?
True
Is 1364019403 prime?
True
Is 46979730331 a composite number?
False
Is 376667309 prime?
True
Is 16320223 a prime number?
True
Is 67944482759 prime?
True
Is 2548486211 composite?
False
Is 8979028433 prime?
False
Is 22907639 composite?
False
Is 103344908591 a composite number?
False
Is 443112419 prime?
False
Is 8175751109 composite?
False
Is 597840491 a prime number?
False
Is 14830115683 composite?
True
Is 18751599347 a composite number?
True
Is 3457483387 prime?
True
Is 5327974511 composite?
True
Is 8807512487 composite?
False
Is 51983464963 a composite number?
False
Is 140207443 a prime number?
False
Is 380327243 composite?
True
Is 252218453 a prime number?
True
Is 9472305959 composite?
False
Is 3444662981 a composite number?
False
Is 2118337303 prime?
False
Is 112035863701 prime?
True
Is 4407656483 composite?
False
Is 7480280207 prime?
True
Is 785367305 composite?
True
Is 1288453835 composite?
True
Is 7114460657 prime?
False
Is 364846981 a composite number?
True
Is 2354450983 a prime number?
False
Is 2797157107 prime?
False
Is 169449835 a composite number?
True
Is 228542383 a composite number?
False
Is 1311914749 a prime number?
False
Is 10067107 a prime number?
True
Is 56125865254 a prime number?
False
Is 9577142551 composite?
False
Is 1439518981 prime?
True
Is 3322549103 prime?
False
Is 112076333 prime?
True
Is 1189107737 prime?
False
Is 897868597 a composite number?
False
Is 70350840083 prime?
True
Is 6707653091 a composite number?
False
Is 36224048023 a composite number?
False
Is 86917361323 a prime number?
False
Is 3620272223 a composite number?
False
Is 401836751 prime?
False
Is 42688784101 a composite number?
True
Is 519237469 composite?
False
Is 8384214287 prime?
False
Is 1894939421 prime?
True
Is 6333685741 prime?
False
Is 37726214891 prime?
True
Is 118805594269 prime?
True
Is 139013586661 a composite number?
True
Is 1115083877 composite?
False
Is 1675259 a prime number?
True
Is 89046553 a composite number?
True
Is 3329777377 a prime number?
True
Is 33877315 a prime number?
False
Is 16753459517 a prime number?
True
Is 1907617 composite?
False
Is 10758070597 composite?
False
Is 142613319883 prime?
False
Is 1040004739 prime?
True
Is 7646216449 a composite number?
True
Is 4164841189 composite?
True
Is 1484202871 prime?
True
Is 3092310827 a composite number?
False
Is 16232095779 prime?
False
Is 31958365737 a prime number?
False
Is 185064083 prime?
True
Is 469231447 prime?
False
Is 14781689809 a prime number?
True
Is 49056684103 composite?
True
Is 1007231597 a composite number?
False
Is 71806503865 a composite number?
True
Is 9298942129 a prime number?
True
Is 6090320987 prime?
True
Is 19979572411 prime?
False
Is 1407707471 prime?
True
Is 21550358807 prime?
False
Is 183845309 composite?
False
Is 37385380517 a prime number?
True
Is 4346581867 composite?
True
Is 22188501367 composite?
False
Is 8229097637 a prime number?
True
Is 26445290653 composite?
True
Is 3033995351 a composite number?
True
Is 73150817791 prime?
True
Is 17325786959 a prime number?
False
Is 1129924421 composite?
False
Is 3014172079 composite?
False
Is 4929818305 composite?
True
Is 800654731 composite?
False
Is 1195048961 a composite number?
False
Is 3844440037 composite?
False
Is 38512188061 composite?
True
Is 97960481 a prime number?
True
Is 2726565503 composite?
True
Is 3685919461 a prime number?
False
Is 3002607661 a prime number?
True
Is 3773575007 a prime number?
False
Is 5939623813 composite?
False
Is 48102499591 composite?
False
Is 643405793 a prime number?
True
Is 3991216267 composite?
True
Is 49979767 a composite number?
False
Is 79126717099 composite?
False
Is 775876121 a composite number?
True
Is 299382353 a composite number?
False
Is 2882329139 prime?
True
Is 666935749 a composite number?
False
Is 736376357 a prime number?
True
Is 9048720677 a prime number?
True
Is 34679481559 a composite number?
False
Is 3382785499 prime?
False
Is 41739461 a composite number?
True
Is 1098138247 composite?
False
Is 1657769767 prime?
True
Is 742072157 composite?
False
Is 3983475143 prime?
False
Is 820243667 a prime number?
False
Is 103166932261 prime?
False
Is 7778124953 composite?
False
Is 3188633969 a prime number?
True
Is 7259506469 composite?
False
Is 25295891317 a composite number?
True
Is 2677934671 a composite number?
False
Is 370887823 a prime number?
True
Is 396020011 a composite number?
True
Is 31417737937 a composite number?
False
Is 233472436853 a prime number?
False
Is 6881969777 a prime number?
False
Is 3938957447 composite?
True
Is 4142229491 prime?
True
Is 2254271563 a prime number?
True
Is 85334686369 prime?
True
Is 568912907 a composite number?
True
Is 55591609751 prime?
False
Is 237082484363 prime?
True
Is 487769147 prime?
False
Is 797059159 prime?
False
Is 1028323921 a prime number?
False
Is 539659457 a prime number?
True
Is 3775434043 a composite number?
False
Is 22031826337 composite?
False
Is 717307397 a prime number?
True
Is 16853966 composite?
True
Is 2669945413 a composite number?
False
Is 1203263651 a composite number?
False
Is 29827023451 composite?
False
Is 13204566077 composite?
True
Is 196528751 a composite number?
False
Is 542704993 a prime number?
False
Is 1053906127 prime?
True
Is 22878553 prime?
False
Is 9631914023 composite?
False
Is 7037508169 composite?
True
Is 192720221 a prime number?
False
Is 12844032353 a composite number?
True
Is 213385573 a composite number?
False
Is 5842696237 prime?
False
Is 235652843 composite?
True
Is 69959097719 a prime number?
False
Is 274779467 a prime number?
True
Is 3619351111 a prime number?
True
Is 69096637 composite?
False
Is 11287631941 a composite number?
False
Is 1516712837 prime?
True
Is 1783542781 prime?
True
Is 18044312291 prime?
False
Is 425049271 a prime number?
False
Is 9085226129 prime?
False
Is 2267508169 prime?
F